{"id":40,"date":"2014-09-01T15:20:44","date_gmt":"2014-09-01T13:20:44","guid":{"rendered":"http:\/\/www.wernerstensgard.se\/?page_id=40"},"modified":"2025-04-05T09:37:14","modified_gmt":"2025-04-05T07:37:14","slug":"kataloger","status":"publish","type":"page","link":"http:\/\/www.wernerstensgard.se\/?page_id=40","title":{"rendered":"Kataloger"},"content":{"rendered":"<p><strong><span style=\"color: #000000;\"><a href=\"http:\/\/www.wernerstensgard.se\/wp-content\/uploads\/2014\/09\/bondet\u00e5get_front.jpg\"><img loading=\"lazy\" decoding=\"async\" class=\"alignright size-full wp-image-110\" src=\"http:\/\/www.wernerstensgard.se\/wp-content\/uploads\/2014\/09\/bondet\u00e5get_front.jpg\" alt=\"bondet\u00e5get_front\" width=\"404\" height=\"612\" srcset=\"http:\/\/www.wernerstensgard.se\/wp-content\/uploads\/2014\/09\/bondet\u00e5get_front.jpg 404w, http:\/\/www.wernerstensgard.se\/wp-content\/uploads\/2014\/09\/bondet\u00e5get_front-198x300.jpg 198w\" sizes=\"auto, (max-width: 404px) 100vw, 404px\" \/><\/a>Antikvariat Werner Stensg\u00e5rd ger med oj\u00e4mna mellanrum ut digitala och tryckta kataloger.\u00a0<\/span><\/strong><\/p>\n<p><a href=\"http:\/\/www.wernerstensgard.se\/wp-content\/uploads\/Kungo\u0308raren-2.pdf\">Kung\u00f6raren 2\u00a0<\/a><\/p>\n<p><a href=\"http:\/\/www.wernerstensgard.se\/wp-content\/uploads\/Kungoraren-1.pdf\">Kung\u00f6raren 1 (Att samla kung\u00f6relser)<\/a><\/p>\n<p><a href=\"http:\/\/www.wernerstensgard.se\/wp-content\/uploads\/Natkatalog-13.pdf\">N\u00e4tkatalog\u00a013 &#8211;\u00a0Militaria I<\/a><\/p>\n<p><a href=\"http:\/\/www.wernerstensgard.se\/wp-content\/uploads\/N\u00e4tkatalog-12.pdf\">N\u00e4tkatalog\u00a012 &#8211;\u00a0Tio sm\u00e5saker<\/a><\/p>\n<p><a href=\"http:\/\/www.wernerstensgard.se\/wp-content\/uploads\/N\u00e4tkatalog_11.pdf\">N\u00e4tkatalog\u00a011 &#8211;\u00a0Numismatiska godbitar<\/a><\/p>\n<p><a href=\"http:\/\/www.wernerstensgard.se\/wp-content\/uploads\/n\u00e4tkatalog_10.pdf\">N\u00e4tkatalog\u00a010 &#8211; Historia och varia<\/a><\/p>\n<p><a href=\"http:\/\/www.wernerstensgard.se\/wp-content\/uploads\/n\u00e4tkatalog_9.pdf\">N\u00e4tkatalog\u00a09 &#8211; Historia och miltaria<\/a><\/p>\n<p><a href=\"http:\/\/www.wernerstensgard.se\/wp-content\/uploads\/n\u00e4tkatalog_8.pdf\">N\u00e4tkatalog\u00a08 &#8211; Varia<\/a><\/p>\n<p><a href=\"http:\/\/www.wernerstensgard.se\/wp-content\/uploads\/n\u00e4tkatalog_7.pdf\">N\u00e4tkatalog\u00a07 &#8211; Varia<\/a><\/p>\n<p><a href=\"http:\/\/www.wernerstensgard.se\/wp-content\/uploads\/n\u00e4tkatalog-6.pdf\">N\u00e4tkatalog 6 &#8211; Numismatiska sm\u00e5tryck<\/a><\/p>\n<p><a href=\"http:\/\/www.wernerstensgard.se\/wp-content\/uploads\/Karl-xii.pdf\">N\u00e4tkatalog 5\u00a0&#8211; Karl XII<\/a><\/p>\n<p><a href=\"http:\/\/www.wernerstensgard.se\/wp-content\/uploads\/Dueller.pdf\">N\u00e4tkatalog 4 &#8211; Dueller<\/a><\/p>\n<p><a href=\"http:\/\/www.wernerstensgard.se\/wp-content\/uploads\/n\u00e4tkatalog_3._fornminnen.pdf\">N\u00e4tkatalog 3b &#8211; Fornminnen<\/a><\/p>\n<p><a href=\"http:\/\/www.wernerstensgard.se\/wp-content\/uploads\/N\u00e4tkatalog_3.pdf\">N\u00e4tkatalog\u00a03a &#8211; Julkatalog 2015<\/a><\/p>\n<p><a href=\"http:\/\/www.wernerstensgard.se\/?attachment_id=122\">N\u00e4tkatalog\u00a02 &#8211; H\u00f6stkatalog 2015<\/a><\/p>\n<p><a href=\"http:\/\/www.wernerstensgard.se\/wp-content\/uploads\/2014\/09\/Werner_Stensgard_sommarlista.pdf\">N\u00e4tkatalog\u00a01 &#8211; Sommarkatalog 2015<\/a><\/p>\n<p><span style=\"color: #000000;\">Katalog 6 med material r\u00f6rande bondet\u00e5get och f\u00f6rsvarsstriden 1911-14 inneh\u00e5ller \u00f6ver 200 olika objekt. Den g\u00e5r att best\u00e4lla mot ins\u00e4ttning av 100 kronor p\u00e5 bankgiro 137-3620. H\u00e4r nedan finns den \u00e4ven som pdf.<\/span><\/p>\n<p><a href=\"http:\/\/www.wernerstensgard.se\/wp-content\/uploads\/2015\/04\/bondetaget1.pdf\">Katalog 6 Bondetaget<\/a><\/p>\n<p><span style=\"color: #000000;\"><strong>Tidigare hette f\u00f6retaget Werners Mynt &amp; Tryck och gav under det namnet ut f\u00f6ljande kataloger:<\/strong><\/span><\/p>\n<p><a href=\"http:\/\/www.wernerstensgard.se\/wp-content\/uploads\/2014\/09\/Katalog_5.pdf\">Katalog 5<\/a><\/p>\n<p><a href=\"http:\/\/www.wernerstensgard.se\/wp-content\/uploads\/2014\/09\/Katalog_4.pdf\">Katalog 4<\/a><\/p>\n<p><a href=\"http:\/\/www.wernerstensgard.se\/wp-content\/uploads\/2014\/09\/Katalog_3.pdf\">Katalog 3<\/a><\/p>\n<p><a href=\"http:\/\/www.wernerstensgard.se\/wp-content\/uploads\/2014\/09\/Katalog_2_l\u00e5g.pdf\">Katalog 2<\/a><\/p>\n<p><a href=\"http:\/\/www.wernerstensgard.se\/wp-content\/uploads\/2014\/09\/Katalog_1_l\u00e5g.pdf\">Katalog 1<\/a><\/p>\n\n\n<p><\/p>\n","protected":false},"excerpt":{"rendered":"<p>Antikvariat Werner Stensg\u00e5rd ger med oj\u00e4mna mellanrum ut digitala och tryckta kataloger.\u00a0 Kung\u00f6raren 2\u00a0 Kung\u00f6raren 1 (Att samla kung\u00f6relser) N\u00e4tkatalog\u00a013 &#8211;\u00a0Militaria I N\u00e4tkatalog\u00a012 &#8211;\u00a0Tio sm\u00e5saker N\u00e4tkatalog\u00a011 &#8211;\u00a0Numismatiska godbitar N\u00e4tkatalog\u00a010 &#8211;&#8230;<\/p>\n","protected":false},"author":1,"featured_media":0,"parent":0,"menu_order":0,"comment_status":"open","ping_status":"open","template":"","meta":{"footnotes":""},"class_list":["post-40","page","type-page","status-publish","hentry"],"_links":{"self":[{"href":"http:\/\/www.wernerstensgard.se\/index.php?rest_route=\/wp\/v2\/pages\/40","targetHints":{"allow":["GET"]}}],"collection":[{"href":"http:\/\/www.wernerstensgard.se\/index.php?rest_route=\/wp\/v2\/pages"}],"about":[{"href":"http:\/\/www.wernerstensgard.se\/index.php?rest_route=\/wp\/v2\/types\/page"}],"author":[{"embeddable":true,"href":"http:\/\/www.wernerstensgard.se\/index.php?rest_route=\/wp\/v2\/users\/1"}],"replies":[{"embeddable":true,"href":"http:\/\/www.wernerstensgard.se\/index.php?rest_route=%2Fwp%2Fv2%2Fcomments&post=40"}],"version-history":[{"count":61,"href":"http:\/\/www.wernerstensgard.se\/index.php?rest_route=\/wp\/v2\/pages\/40\/revisions"}],"predecessor-version":[{"id":3677,"href":"http:\/\/www.wernerstensgard.se\/index.php?rest_route=\/wp\/v2\/pages\/40\/revisions\/3677"}],"wp:attachment":[{"href":"http:\/\/www.wernerstensgard.se\/index.php?rest_route=%2Fwp%2Fv2%2Fmedia&parent=40"}],"curies":[{"name":"wp","href":"https:\/\/api.w.org\/{rel}","templated":true}]}}